
23
What is the highest common factor of 2450 and 60718?
14
What is the greatest common factor of 153 and 647666238?
51
Calculate the highest common factor of 25 and 201325.
25
Calculate the highest common factor of 101138 and 10516694.
1658
What is the greatest common divisor of 2150 and 277866?
86
Calculate the greatest common factor of 7134 and 16356.
174
Calculate the highest common divisor of 2299 and 206778539.
209
Calculate the greatest common factor of 9200 and 341275.
25
Calculate the highest common divisor of 2058 and 2657760.
294
Calculate the highest common divisor of 7125 and 4636836.
57
Calculate the greatest common factor of 8216215 and 805.
35
What is the greatest common factor of 17024 and 8911532?
532
What is the greatest common divisor of 253909 and 363?
1
Calculate the greatest common divisor of 2576 and 726068.
28
Calculate the greatest common divisor of 2049696 and 738.
18
What is the greatest common factor of 1 and 31638491?
1
What is the highest common factor of 32529771 and 2331?
333
Calculate the highest common divisor of 622 and 17234687.
311
Calculate the greatest common factor of 1218 and 155400.
42
What is the greatest common factor of 5262239 and 92?
23
What is the greatest common factor of 65 and 15439697?
13
What is the greatest common divisor of 580195226 and 26?
26
What is the highest common divisor of 7248067 and 124943?
1373
What is the highest common divisor of 389375 and 835443?
623
What is the greatest common divisor of 6482 and 181149213?
3241
Calculate the highest common factor of 125414500 and 500.
500
Calculate the highest common factor of 273 and 76627915.
91
What is the highest common factor of 20714061 and 166?
83
What is the highest common factor of 15 and 238584435?
15
Calculate the greatest common factor of 4311 and 34263.
9
What is the highest common divisor of 32922 and 8928?
558
Calculate the highest common factor of 57 and 50464171.
19
What is the highest common divisor of 19 and 704444?
19
What is the greatest common divisor of 2036 and 234692265?
509
Calculate the highest common divisor of 87466064 and 840.
56
What is the highest common divisor of 106686757 and 47?
47
What is the greatest common factor of 20 and 22730?
10
What is the greatest common factor of 15 and 3807950?
5
Calculate the highest common divisor of 100542290 and 5.
5
What is the highest common factor of 72291 and 723?
3
Calculate the highest common divisor of 621 and 3824946.
207
What is the highest common divisor of 1788641 and 821123?
437
Calculate the highest common factor of 35309120 and 9240.
3080
What is the greatest common divisor of 609950 and 18950?
50
What is the highest common divisor of 11520912 and 52?
52
What is the greatest common divisor of 1524 and 20055840?
1524
What is the greatest common factor of 3568818 and 1518?
1518
Calculate the greatest common factor of 614 and 3998354.
2
What is the highest common factor of 28732 and 36212?
44
What is the greatest common factor of 943410 and 22290?
30
Calculate the greatest common divisor of 1284 and 2679708.
1284
Calculate the highest common factor of 54863296 and 96.
32
Calculate the highest common factor of 7900 and 89345050.
3950
What is the greatest common divisor of 20264036 and 58825?
2353
Calculate the highest common factor of 252721415 and 3035.
3035
What is the highest common factor of 5860233 and 261?
261
What is the highest common divisor of 1650852 and 28800?
36
What is the highest common divisor of 212245 and 4675935?
935
Calculate the highest common divisor of 2984236098 and 309.
309
What is the greatest common factor of 413799 and 24?
3
What is the highest common divisor of 5687 and 2536919?
517
What is the highest common divisor of 22994630 and 20?
10
Calculate the highest common divisor of 417841 and 91326.
491
Calculate the greatest common divisor of 3059388 and 2448.
612
What is the greatest common divisor of 320 and 443320?
40
Calculate the highest common factor of 7 and 12881008.
7
What is the greatest common divisor of 42403345 and 14130?
785
What is the highest common divisor of 13904162 and 23928?
1994
What is the greatest common divisor of 18790 and 1322?
2
What is the greatest common divisor of 3848747 and 700?
7
Calculate the highest common factor of 672 and 7741565664.
672
Calculate the greatest common divisor of 40 and 128354360.
40
Calculate the highest common divisor of 163618 and 8674451.
899
Calculate the highest common factor of 10014254 and 209.
19
What is the greatest common divisor of 1530263 and 497?
497
Calculate the highest common divisor of 8588 and 68742.
38
Calculate the highest common divisor of 8422147 and 4.
1
Calculate the highest common divisor of 27777 and 115573.
47
Calculate the highest common divisor of 6354 and 18499318.
706
What is the greatest common divisor of 19064617 and 143?
143
Calculate the highest common factor of 20252527 and 34568.
4321
Calculate the highest common divisor of 27371 and 6217282.
271
What is the highest common factor of 1677026419 and 277?
277
What is the highest common divisor of 632520 and 1066800?
840
What is the greatest common factor of 370 and 10134290?
10
What is the greatest common factor of 778999 and 23894?
13
Calculate the highest common factor of 5560608 and 36.
12
What is the greatest common factor of 55760 and 2469020?
820
What is the greatest common factor of 23329 and 323192?
569
What is the greatest common factor of 4960 and 509056?
32
Calculate the highest common factor of 36 and 699561.
9
Calculate the greatest common factor of 3 and 80114163.
3
What is the greatest common factor of 17375 and 4500?
125
What is the highest common divisor of 884262870 and 365?
365
Calculate the highest common divisor of 55208 and 895688.
824
What is the highest common factor of 9075122 and 177471?
2191
What is the highest common divisor of 69344466 and 86?
86
What is the highest common divisor of 6700 and 12387965?
335
What is the highest common factor of 61700 and 65330428?
2468
Calculate the greatest common divisor of 1060 and 9074077.
53
What is the highest common divisor of 2741376 and 34122?
726
Calculate the highest common divisor of 3600500 and 14023.
379
Calculate the greatest common factor of 69205740 and 45.
15
What is the greatest common factor of 88 and 405885469?
11
What is the greatest common factor of 41783616 and 126?
126
What is the highest common factor of 27 and 362736522?
27
Calculate the greatest common factor of 123983271 and 92.
23
Calculate the greatest common divisor of 79 and 6144778.
79
What is the greatest common factor of 3462 and 109100314?
1154
What is the highest common factor of 116 and 56442468?
116
Calculate the greatest common divisor of 369050 and 3499936.
1342
Calculate the greatest common factor of 8735 and 2690.
5
What is the highest common factor of 39942 and 273903?
21
What is the highest common factor of 273 and 1678872?
39
Calculate the greatest common factor of 3396664368 and 54.
54
What is the greatest common factor of 1497037 and 671211?
1819
What is the greatest common divisor of 1726 and 14760?
2
What is the highest common divisor of 12878 and 294075569?
6439
Calculate the highest common divisor of 8126 and 30134554.
478
Calculate the greatest common divisor of 4164219 and 12627.
207
What is the greatest common factor of 26181978 and 6?
6
Calculate the greatest common divisor of 273 and 991977.
21
Calculate the highest common factor of 522317722 and 1306.
1306
What is the greatest common divisor of 28327144 and 8?
8
Calculate the highest common factor of 3528212 and 328442.
3386
What is the greatest common factor of 647714 and 11084267?
10447
What is the greatest common divisor of 162818346 and 6?
6
Calculate the highest common divisor of 589 and 37860331.
589
What is the greatest common factor of 1827 and 115956645?
609
What is the highest common factor of 765 and 2339115?
255
What is the highest common divisor of 130175 and 429895?
635
What is the greatest common divisor of 8901928 and 63?
7
What is the greatest common factor of 3489984 and 3072?
192
Calculate the greatest common factor of 14 and 4028738.
14
What is the greatest common divisor of 506158512 and 624?
48
What is the highest common factor of 3737305 and 6955?
65
Ca